
What is the remainder when 232988 is divided by 48?
44
What is the remainder when 379146 is divided by 379139?
7
What is the remainder when 21464 is divided by 21005?
459
Calculate the remainder when 8308 is divided by 20.
8
Calculate the remainder when 342 is divided by 170.
2
Calculate the remainder when 2163 is divided by 23.
1
Calculate the remainder when 12485 is divided by 147.
137
What is the remainder when 75634 is divided by 66?
64
What is the remainder when 330056 is divided by 66010?
6
Calculate the remainder when 27376 is divided by 154.
118
What is the remainder when 17121 is divided by 2007?
1065
What is the remainder when 1108365 is divided by 172?
169
Calculate the remainder when 57730 is divided by 128.
2
What is the remainder when 28914 is divided by 396?
6
Calculate the remainder when 87184 is divided by 1038.
1030
What is the remainder when 1941 is divided by 575?
216
What is the remainder when 13016 is divided by 17?
11
What is the remainder when 5116 is divided by 1020?
16
Calculate the remainder when 39273 is divided by 441.
24
What is the remainder when 880 is divided by 267?
79
What is the remainder when 17491 is divided by 5820?
31
Calculate the remainder when 14086 is divided by 35.
16
What is the remainder when 879165 is divided by 456?
453
Calculate the remainder when 113197 is divided by 182.
175
Calculate the remainder when 6077 is divided by 759.
5
Calculate the remainder when 62731 is divided by 1960.
11
Calculate the remainder when 880 is divided by 263.
91
Calculate the remainder when 846905 is divided by 27.
23
Calculate the remainder when 6543 is divided by 6508.
35
What is the remainder when 55479 is divided by 18465?
84
Calculate the remainder when 3676 is divided by 64.
28
What is the remainder when 5624 is divided by 323?
133
Calculate the remainder when 16606 is divided by 24.
22
What is the remainder when 22962 is divided by 5666?
298
Calculate the remainder when 1339818 is divided by 973.
970
Calculate the remainder when 39032 is divided by 205.
82
What is the remainder when 2063137 is divided by 39?
37
Calculate the remainder when 92926 is divided by 30971.
13
What is the remainder when 80547 is divided by 959?
950
Calculate the remainder when 123638 is divided by 281.
279
Calculate the remainder when 2170 is divided by 78.
64
What is the remainder when 194598 is divided by 35?
33
Calculate the remainder when 1771 is divided by 56.
35
Calculate the remainder when 3203 is divided by 1588.
27
What is the remainder when 28211 is divided by 741?
53
What is the remainder when 1043 is divided by 320?
83
Calculate the remainder when 1109 is divided by 82.
43
What is the remainder when 64288 is divided by 239?
236
What is the remainder when 41297 is divided by 91?
74
What is the remainder when 21610 is divided by 7202?
4
Calculate the remainder when 138560 is divided by 707.
695
Calculate the remainder when 1223 is divided by 67.
17
What is the remainder when 188058 is divided by 5876?
26
Calculate the remainder when 637727 is divided by 84.
83
What is the remainder when 36534 is divided by 8?
6
Calculate the remainder when 1605 is divided by 410.
375
What is the remainder when 4373 is divided by 33?
17
Calculate the remainder when 15206 is divided by 77.
37
What is the remainder when 20452 is divided by 341?
333
What is the remainder when 161164 is divided by 726?
718
Calculate the remainder when 4781 is divided by 4750.
31
What is the remainder when 3677 is divided by 1206?
59
Calculate the remainder when 7022 is divided by 436.
46
What is the remainder when 6585 is divided by 824?
817
What is the remainder when 6094 is divided by 97?
80
Calculate the remainder when 3219 is divided by 2488.
731
Calculate the remainder when 89237 is divided by 115.
112
Calculate the remainder when 19562 is divided by 225.
212
What is the remainder when 554673 is divided by 17?
14
Calculate the remainder when 4996 is divided by 10.
6
What is the remainder when 143 is divided by 30?
23
Calculate the remainder when 51460 is divided by 25699.
62
What is the remainder when 201400 is divided by 135?
115
Calculate the remainder when 271 is divided by 145.
126
Calculate the remainder when 221419 is divided by 221.
198
What is the remainder when 379966 is divided by 48?
46
What is the remainder when 51368 is divided by 3945?
83
What is the remainder when 940 is divided by 385?
170
What is the remainder when 97016 is divided by 21?
17
What is the remainder when 12785 is divided by 18?
5
What is the remainder when 18830 is divided by 3051?
524
Calculate the remainder when 6317 is divided by 37.
27
Calculate the remainder when 2679 is divided by 85.
44
What is the remainder when 23198 is divided by 400?
398
Calculate the remainder when 22133 is divided by 3160.
13
What is the remainder when 119293 is divided by 50?
43
Calculate the remainder when 29206 is divided by 230.
226
Calculate the remainder when 12070 is divided by 310.
290
What is the remainder when 26662 is divided by 888?
22
What is the remainder when 19786 is divided by 19776?
10
Calculate the remainder when 3891 is divided by 1675.
541
What is the remainder when 97145 is divided by 782?
177
What is the remainder when 1314 is divided by 828?
486
Calculate the remainder when 111350 is divided by 191.
188
Calculate the remainder when 9130 is divided by 1517.
28
What is the remainder when 5844 is divided by 344?
340
Calculate the remainder when 2090118 is divided by 575.
568
Calculate the remainder when 4382 is divided by 3622.
760
What is the remainder when 816277 is divided by 103?
2
What is the remainder when 704 is divided by 47?
46
What is the remainder when 200651 is divided by 819?
815
Calculate the remainder when 148676 is divided by 118.
114
What is the remainder when 118396 is divided by 59192?
12
What is the remainder when 54128 is divided by 97?
2
Calculate the remainder when 4676602 is divided by 4.
2
What is the remainder when 16056 is divided by 4011?
12
Calculate the remainder when 34586 is divided by 17253.
80
What is the remainder when 1436 is divided by 480?
476
What is the remainder when 8571 is divided by 1307?
729
What is the remainder when 466575 is divided by 7?
4
What is the remainder when 12112 is divided by 167?
88
What is the remainder when 39642 is divided by 3295?
102
Calculate the remainder when 30863 is divided by 524.
471
Calculate the remainder when 20802 is divided by 121.
111
What is the remainder when 240122 is divided by 748?
14
What is the remainder when 6175 is divided by 15?
10
Calculate the remainder when 99782 is divided by 33172.
266
Calculate the remainder when 36852 is divided by 2844.
2724
Calculate the remainder when 3316 is divided by 731.
392
Calculate the remainder when 20935 is divided by 39.
31
Calculate the remainder when 67598 is divided by 40.
38
What is the remainder when 951 is divided by 471?
9
What is the remainder when 1088280 is divided by 120?
0
Calculate the remainder when 88527 is divided by 65.
62
Calculate the remainder when 23322 is divided by 424.
2
What is the remainder when 5432 is divided by 161?
119
Calculate the remainder when 16314 is divided by 741.
12
What is the remainder when 36272 is divided by 615?
602
Calculate the remainder when 20 is divided by 10.
0
What is the remainder when 11852 is divided by 109?
80
Calculate the remainder when 146314 is divided by 2186.
2038
What is the remainder when 71808 is divided by 269?
254
Calculate the remainder when 7544 is divided by 74.
70
Calculate the remainder when 4679 is divided by 120.
119
What is the remainder when 6300 is divided by 166?
158
What is the remainder when 45013 is divided by 14990?
43
What is the remainder when 24491 is divided by 490?
481
What is the remainder when 42415 is divided by 13?
9
Calculate the remainder when 151436 is divided by 58.
56
What is the remainder when 736 is divided by 27?
7
What is the remainder when 12960 is divided by 540?
0
What is the remainder when 266193 is divided by 77?
4
What is the remainder when 708204 is divided by 29?
24
What is the remainder when 256617 is divided by 70?
67
What is the remainder when 100481 is divided by 152?
9
What is the remainder when 52128 is divided by 13016?
64
Calculate th